{"id":812,"date":"2017-12-06T16:53:27","date_gmt":"2017-12-06T15:53:27","guid":{"rendered":"http:\/\/www.zrozeni.com\/?page_id=812"},"modified":"2018-11-18T13:57:11","modified_gmt":"2018-11-18T12:57:11","slug":"napsali-o-nas","status":"publish","type":"page","link":"http:\/\/www.zrozeni.com\/index.php\/nezny-dotek-a-leciva-vune\/napsali-o-nas\/","title":{"rendered":"Napsali o n\u00e1s"},"content":{"rendered":"<div class=\"row\"> <div class=\"col-md-1\">\n<\/div><div class=\"col-md-10\">\n<p>&nbsp;<\/p>\n<p><img loading=\"lazy\" decoding=\"async\" class=\"alignnone wp-image-45 aligncenter\" style=\"margin-top: 0px; margin-bottom: 0px;\" src=\"http:\/\/www.zrozeni.com\/wp-content\/uploads\/2016\/10\/logo-rgb-tesne-300x150.jpg\" alt=\"logo-rgb-tesne\" width=\"106\" height=\"50\" \/><\/p>\n<h1 style=\"text-align: center;\">Napsali o n\u00e1s<\/h1>\n<p>&nbsp;<\/p>\n<p style=\"text-align: center;\"><img loading=\"lazy\" decoding=\"async\" class=\"size-medium wp-image-866 aligncenter\" src=\"http:\/\/www.zrozeni.com\/wp-content\/uploads\/2017\/12\/napsali-300x300.jpg\" alt=\"napsali\" width=\"300\" height=\"300\" srcset=\"http:\/\/www.zrozeni.com\/wp-content\/uploads\/2017\/12\/napsali-300x300.jpg 300w, http:\/\/www.zrozeni.com\/wp-content\/uploads\/2017\/12\/napsali-150x150.jpg 150w, http:\/\/www.zrozeni.com\/wp-content\/uploads\/2017\/12\/napsali.jpg 600w\" sizes=\"auto, (max-width: 300px) 100vw, 300px\" \/><\/p>\n<p>&nbsp;<\/p>\n<p style=\"text-align: center;\"><strong><em><a href=\"http:\/\/www.zrozeni.com\/index.php\/nezny-dotek-a-leciva-vune\/napsali-o-nas\/potkala-jsem-zenu-a-ruzove-osvezeni\/\" target=\"_blank\">Potkala jsem \u017eenu a R\u016f\u017eov\u00e9 osv\u011b\u017een\u00ed<\/a> <\/em><\/strong><em>(Kv\u011bten 2017, <\/em><em><em>Zita \u017durkov\u00e1, <\/em><\/em><em>www.vedomazena.cz)<\/em><strong><em><br \/>\n<\/em><\/strong><\/p>\n<p style=\"text-align: center;\"><strong><em><a href=\"http:\/\/www.zrozeni.com\/index.php\/nezny-dotek-a-leciva-vune\/napsali-o-nas\/cesta-jemneho-vonaveho-doteku\/\" target=\"_blank\">Cesta jemn\u00e9ho vo\u0148av\u00e9ho doteku <\/a><\/em><\/strong>(16. 8. 2017, <em>Mgr. Regina Valent\u00edkov\u00e1, <\/em>DS Olomouc)<\/p>\n<p style=\"text-align: center;\"><a href=\"http:\/\/www.zrozeni.com\/index.php\/nezny-dotek-a-leciva-vune\/napsali-o-nas\/motyli-masaze-novorozencu\/\" target=\"_blank\"><em><strong>Mot\u00fdl\u00ed mas\u00e1\u017ee novorozenc\u016f<\/strong><\/em><\/a> (30. 7. 2018, <em>Marina Odvarkov\u00e1,<\/em> Rytmus \u017eivota)<\/p>\n<p style=\"text-align: center;\"><strong><em><a href=\"http:\/\/www.zrozeni.com\/index.php\/kvetove-esence-dovedou-harmonizovat-emocni-prozivani\/\" target=\"_blank\">Kv\u011btov\u00e9 esence dovedou harmonizovat emo\u010dn\u00ed pro\u017e\u00edv\u00e1n\u00ed b\u011bhem t\u011bhotenstv\u00ed nebo po porodu<\/a><br \/>\n<\/em><\/strong>(15. 10. 2018, <em>Martina<\/em>, <a href=\"https:\/\/www.zenysro.cz\/rozhovory\/kvetove-esence-eva-porodnictvi-pomoc-tehotenstvi\" target=\"_blank\">Zeny s.r.o.<\/a>)<\/p>\n<p>&nbsp;<\/p>\n<\/div><div class=\"col-md-1\">\n<\/div><\/div>\n<p>&nbsp;<\/p>\n","protected":false},"excerpt":{"rendered":"<p>&nbsp;<\/p>\n","protected":false},"author":1,"featured_media":0,"parent":23,"menu_order":0,"comment_status":"closed","ping_status":"closed","template":"page-fullwidth.php","meta":{"footnotes":""},"class_list":["post-812","page","type-page","status-publish","hentry"],"_links":{"self":[{"href":"http:\/\/www.zrozeni.com\/index.php\/wp-json\/wp\/v2\/pages\/812","targetHints":{"allow":["GET"]}}],"collection":[{"href":"http:\/\/www.zrozeni.com\/index.php\/wp-json\/wp\/v2\/pages"}],"about":[{"href":"http:\/\/www.zrozeni.com\/index.php\/wp-json\/wp\/v2\/types\/page"}],"author":[{"embeddable":true,"href":"http:\/\/www.zrozeni.com\/index.php\/wp-json\/wp\/v2\/users\/1"}],"replies":[{"embeddable":true,"href":"http:\/\/www.zrozeni.com\/index.php\/wp-json\/wp\/v2\/comments?post=812"}],"version-history":[{"count":15,"href":"http:\/\/www.zrozeni.com\/index.php\/wp-json\/wp\/v2\/pages\/812\/revisions"}],"predecessor-version":[{"id":928,"href":"http:\/\/www.zrozeni.com\/index.php\/wp-json\/wp\/v2\/pages\/812\/revisions\/928"}],"up":[{"embeddable":true,"href":"http:\/\/www.zrozeni.com\/index.php\/wp-json\/wp\/v2\/pages\/23"}],"wp:attachment":[{"href":"http:\/\/www.zrozeni.com\/index.php\/wp-json\/wp\/v2\/media?parent=812"}],"curies":[{"name":"wp","href":"https:\/\/api.w.org\/{rel}","templated":true}]}}