{"id":182,"date":"2017-01-31T17:15:25","date_gmt":"2017-01-31T16:15:25","guid":{"rendered":"http:\/\/www.zrozeni.com\/?page_id=182"},"modified":"2017-09-29T19:23:24","modified_gmt":"2017-09-29T18:23:24","slug":"moje-aktivity","status":"publish","type":"page","link":"http:\/\/www.zrozeni.com\/index.php\/kontakt\/moje-aktivity\/","title":{"rendered":"Moje aktivity"},"content":{"rendered":"<div class=\"row\"> <div class=\"col-md-1\">\n<\/div><div class=\"col-md-8\">\n<p><img loading=\"lazy\" decoding=\"async\" class=\"aligncenter wp-image-45\" src=\"http:\/\/www.zrozeni.com\/wp-content\/uploads\/2016\/10\/logo-rgb-tesne-300x150.jpg\" alt=\"logo-rgb-tesne\" width=\"106\" height=\"50\" \/><\/p>\n<h1 style=\"text-align: center;\">Moje aktivity<\/h1>\n<p>&nbsp;<\/p>\n<p><img loading=\"lazy\" decoding=\"async\" class=\"size-medium wp-image-183 aligncenter\" src=\"http:\/\/www.zrozeni.com\/wp-content\/uploads\/2017\/01\/LOTOS-300x265.png\" alt=\"LOTOS\" width=\"300\" height=\"265\" srcset=\"http:\/\/www.zrozeni.com\/wp-content\/uploads\/2017\/01\/LOTOS-300x265.png 300w, http:\/\/www.zrozeni.com\/wp-content\/uploads\/2017\/01\/LOTOS.png 684w\" sizes=\"auto, (max-width: 300px) 100vw, 300px\" \/><\/p>\n<p>&nbsp;<\/p>\n<p style=\"text-align: justify;\"><strong>[su_list icon=&#8220;http:\/\/www.zrozeni.com\/wp-content\/uploads\/2017\/01\/dvojit\u00e9-srd\u00ed\u010dko-ctverec.png&#8220; icon_color=&#8220;#a00064&#8243;]<\/strong><\/p>\n<ul style=\"text-align: justify;\">\n<li><strong>Jsem autorkou konceptu <a href=\"http:\/\/www.zrozeni.com\/index.php\/nezny-dotek-a-leciva-vune\/moje-seminare\/\" target=\"_blank\"><em><span style=\"color: #a00064;\">\u201eCestou jemn\u00e9ho doteku &#8230;\u201c<\/span><\/em><\/a>, v\u00a0r\u00e1mci kter\u00e9ho vedu semin\u00e1\u0159e pro \u00a0\u00a0t\u011bhotn\u00e9 \u017eeny a nast\u00e1vaj\u00edc\u00ed tat\u00ednky:[\/su_list]<\/strong><\/li>\n<\/ul>\n<h4 style=\"text-align: center;\"><\/h4>\n<h4 style=\"text-align: center;\"><span style=\"color: #ff9900;\"><strong>I. \u201eHlazen\u00ed mal\u00e9ho And\u00edlka\u201c a\u00a0vz\u00e1jemn\u00e1 komunikace<\/strong><\/span><br \/>\n<span style=\"color: #ff9900;\"> <strong> II. Vo\u0148av\u00fd porod a \u201ePrvn\u00ed spole\u010dn\u00e1 cesta&#8230;\u201c s\u00a0Miminkem<\/strong><\/span><br \/>\n<span style=\"color: #ff9900;\"> <strong> III. \u201eJemn\u00e9 hlazen\u00ed a Mot\u00fdl\u00ed mas\u00e1\u017ee pro Novoroze\u0148\u00e1tka\u201c<\/strong><\/span><\/h4>\n<p>&nbsp;<\/p>\n<p style=\"text-align: left;\"><strong>[su_list icon=&#8220;http:\/\/www.zrozeni.com\/wp-content\/uploads\/2017\/01\/dvojit\u00e9-srd\u00ed\u010dko-ctverec.png&#8220; icon_color=&#8220;#a00064&#8243;]<\/strong><\/p>\n<ul style=\"text-align: justify;\">\n<li><strong>Jsem autorkou knihy <span style=\"color: #a00064;\">\u201eMot\u00fdl\u00ed mas\u00e1\u017ee pro Novoroze\u0148\u00e1tka\u201c<\/span> (Maitrea, 2016)<\/strong><\/li>\n<li><strong>Jsem autorkou <span style=\"color: #a00064;\">Kv\u011btov\u00fdch Esenc\u00ed<\/span> pro obdob\u00ed t\u011bhotenstv\u00ed, porodu a \u0161estined\u011bl\u00ed a v\u00a0p\u00e9\u010di o Novoroze\u0148\u00e1tka a Miminka, ale i v\u00a0jin\u00fdch obdob\u00edch a situac\u00edch \u017eivota v\u00a0dosp\u011blosti (Zrozen\u00ed, 2016)<\/strong><\/li>\n<li><strong>Jsem spoluautorkou odborn\u00e9 knihy<span style=\"color: #a00064;\"> \u201eNarodilo se p\u0159ed\u010dasn\u011b\u201c<\/span> (Port\u00e1l, 2009)<\/strong><\/li>\n<li><strong>V\u00a0oblasti porodnictv\u00ed a neonatologie p\u016fsob\u00edm ji\u017e 13 let, kde spolupracuji se soukrom\u00fdmi porodn\u00edmi asistentkami i s\u00a0porodn\u00edmi asistentkami na porodn\u00edch s\u00e1lech i\u00a0s novorozeneck\u00fdmi odd. JIP pro p\u0159ed\u010dasn\u011b narozen\u00e9 d\u011bti:[\/su_list]<\/strong><\/li>\n<\/ul>\n<p style=\"text-align: justify;\"><strong>&#8211; do\u00a0zdravotnictv\u00ed zav\u00e1d\u00edm pou\u017e\u00edv\u00e1n\u00ed <span style=\"color: #a00064;\">\u201eBylinn\u00e9 medic\u00edny\u201c<\/span> (Kv\u011btov\u00e9 Esence, Aroma-Oleje, Bylinn\u00e9 extrakty) a jemn\u00fdch dotek\u016f jako p\u0159irozenou sou\u010d\u00e1st v p\u00e9\u010di o \u017eenu a d\u00edt\u011b na fyzick\u00e9, emo\u010dn\u00ed, ment\u00e1lni a\u00a0psychick\u00e9 \u00farovni<\/strong><br \/>\n<strong> &#8211; zavedla jsem pou\u017e\u00edv\u00e1n\u00ed <span style=\"color: #a00064;\">\u201eAromaterapie na podporu vo\u0148av\u00fdch p\u0159irozen\u00fdch porod\u016f\u201c<\/span> ve 23 porodn\u00edch s\u00e1lech v \u010cR<\/strong><br \/>\n<strong> &#8211; zav\u00e1d\u00edm pou\u017e\u00edv\u00e1n\u00ed aroma-olej\u016f a kv\u011btov\u00fdch esenc\u00ed v\u00a0r\u00e1mci projektu<span style=\"color: #a00064;\"> \u201eVo\u0148av\u00e9 nemocnice\u201c <\/span>na porodn\u00ed s\u00e1ly, novorozeneck\u00e9 odd\u011blen\u00ed a odd. \u0161estined\u011bl\u00ed, gynekologick\u00e9 ambulance, a postupn\u011b i na ostatn\u00ed odd\u011blen\u00ed v\u00a0nemocnic\u00edch (Nemocnice v Strakonic\u00edch).<\/strong><br \/>\n<strong> &#8211; zavedla jsem <span style=\"color: #a00064;\">\u201eVo\u0148av\u00e9 dome\u010dky\u201c <\/span>na neonatologick\u00fdch odd\u011blen\u00edch pro p\u0159ed\u010dasn\u011b narozen\u00e9 d\u011bti v\u00a0\u010cR a \u010d\u00e1ste\u010dn\u011b i v\u00a0SR<\/strong><br \/>\n<strong> &#8211; zavedla jsem Aromaterapii a Mot\u00fdl\u00ed mas\u00e1\u017ee do kojeneck\u00e9ho \u00fastavu Dome\u010dek v\u00a0Ostrav\u011b<\/strong><br \/>\n<strong> &#8211; vedla jsem diplomovou pr\u00e1ci na neonatologick\u00e9m odd. JIP FN Brno, v\u00a0r\u00e1mci kter\u00e9 jsem u\u010dila rodi\u010de p\u0159ed\u010dasn\u011b narozen\u00fdch d\u011bt\u00ed Mot\u00fdl\u00ed mas\u00e1\u017ee a jemn\u00e9 hlazen\u00ed v inkub\u00e1torech<\/strong><\/p>\n<p style=\"text-align: left;\"><strong>[su_list icon=&#8220;http:\/\/www.zrozeni.com\/wp-content\/uploads\/2017\/01\/dvojit\u00e9-srd\u00ed\u010dko-ctverec.png&#8220; icon_color=&#8220;#a00064&#8243;]<\/strong><\/p>\n<ul>\n<li><strong>P\u0159edn\u00e1\u0161ela jsem na<\/strong> <em><strong>Sv\u011btov\u00e9m t\u00fddnu respektu<\/strong><\/em><strong> k\u00a0<\/strong><em><strong>porodu <\/strong><\/em><em><strong>v\u00a0Praze, a tak\u00e9 v\u00a0dal\u0161\u00edch m\u011bstech na Morav\u011b \u0159adu let.<\/strong><\/em><\/li>\n<li><em><strong>P\u0159edn\u00e1\u0161\u00edm na Vysok\u00e9 \u0161kole zdravotnictv\u00ed<\/strong><\/em><em><strong> v\u00a0Bratislav\u011b pro neonatologick\u00e9 sestry.<\/strong><\/em><\/li>\n<li><strong>Organizuji semin\u00e1\u0159e a p\u0159edn\u00e1\u0161ky pro porodn\u00ed asistentky, porodn\u00ed s\u00e1ly a neonatologick\u00e1 odd\u011blen\u00ed<\/strong><\/li>\n<li><strong>P\u0159edn\u00e1\u0161\u00edm na neonatologick\u00fdch konferenc\u00edch a konferenc\u00edch pro porodn\u00ed asistentky v\u00a0\u010cR a SR<\/strong><\/li>\n<li><strong>P\u0159edn\u00e1\u0161ela jsem o aromaterapii na vysok\u00fdch \u0161kol\u00e1ch pro porodn\u00ed asistentky v\u00a0\u010cesk\u00fdch Bud\u011bjovic\u00edch a Jihlav\u011b<\/strong><\/li>\n<li><strong>Organizuji semin\u00e1\u0159e a p\u0159edn\u00e1\u0161ky pro porodn\u00ed asistentky a porodn\u00ed s\u00e1ly<\/strong><\/li>\n<\/ul>\n<p style=\"text-align: justify;\"><strong>[\/su_list]<\/strong><\/p>\n<p style=\"text-align: justify;\"><strong><em>\u00a0\u00a0 Je pro m\u011b pot\u011b\u0161en\u00edm p\u0159in\u00e1\u0161et nov\u00e9 pohledy, ukazovat nov\u00e9 cesty a mo\u017enosti. Od roku 2003 p\u016fsob\u00edm v\u00a0oblasti porodnictv\u00ed a c\u00edt\u00edm, \u017ee pr\u00e1v\u011b v obdob\u00ed zrodu nov\u00e9ho \u017eivota a cel\u00e9ho d\u011bn\u00ed kolem n\u011bj je velice d\u016fle\u017eit\u00e9 p\u0159in\u00e1\u0161et nov\u00e9 p\u0159\u00edstupy, kter\u00e9 jsou p\u0159irozen\u00e9 a podporuj\u00ed \u017eeny v\u00a0jejich d\u016fv\u011b\u0159e v\u00a0moudrost p\u0159\u00edrody. A p\u0159edev\u0161\u00edm ukazovat nejenom \u017een\u00e1m, ale i budouc\u00edm tat\u00ednk\u016fm l\u00e9\u010div\u00fd dotek l\u00e1skypln\u00e9 \u201ekyti\u010dkov\u00e9 dlan\u011b\u201c a otev\u0159\u00edt tak jemn\u00fd zp\u016fsob komunikace v\u00a0rodin\u011b. <\/em><\/strong><\/p>\n<p style=\"text-align: justify;\"><strong><em>\u00a0\u00a0 Intenzivn\u011b spolupracuji se soukrom\u00fdmi porodn\u00edmi asistentkami, kter\u00fdm ukazuji nov\u00e9 \u201eneinvazivn\u00ed\u201c p\u0159\u00edstupy v\u00a0porodnictv\u00ed a ty je n\u00e1sledn\u011b u\u010d\u00ed sv\u00e9 t\u011bhulky na sv\u00fdch kurzech. Je to n\u00e1dhern\u00e1 a vz\u00e1jemn\u011b obohacuj\u00edc\u00ed cesta pozn\u00e1v\u00e1n\u00ed.<\/em><\/strong><\/p>\n<p style=\"text-align: justify;\"><strong><em>\u00a0\u00a0 T\u011b\u0161\u00edm se i velik\u00e9 d\u016fv\u011b\u0159e porodn\u00edch asistentek a l\u00e9ka\u0159\u016f na porodn\u00edch s\u00e1lech a u\u010d\u00edm je, jako mohou pomoci Aromaterapie a Esenc\u00ed pomoct rod\u00edc\u00edm \u017een\u00e1m a podpo\u0159it tak p\u0159irozen\u00fd a vo\u0148av\u00fd p\u0159\u00edchod d\u011b\u0165\u00e1tka na sv\u011bt. <\/em><\/strong><\/p>\n<p style=\"text-align: justify;\"><strong><em>\u00a0\u00a0 Je m\u00fdm nejv\u011bt\u0161\u00edm p\u0159\u00e1n\u00edm podpo\u0159it maminky a tat\u00ednky sp\u011bchaj\u00edc\u00edch miminek, kter\u00e9 p\u0159i\u0161li na sv\u011bt d\u0159\u00edv, jako byl jejich \u010das. Je to o velik\u00e9 d\u016fv\u011b\u0159e a nad\u011bji, kterou maj\u00ed rodi\u010de ve sv\u00fdch dlan\u00edch a srdc\u00edch. Ukazuji jim zp\u016fsob, jako se mohou dot\u00fdkat sv\u00fdch miminek v\u00a0inkub\u00e1toru, podpo\u0159it je a l\u00e9\u010dit na cest\u011b \u201en\u00e1ro\u010dn\u011bj\u0161\u00edho\u201c vstupu do \u017eivota, ale jak tak\u00e9 komunikovat s\u00a0nimi na d\u00e1lku a d\u016fv\u011b\u0159ovat jim, aby v\u0161echno spole\u010dn\u011b zvl\u00e1dli.<\/em><\/strong><\/p>\n<p style=\"text-align: justify;\"><strong><em>\u00a0\u00a0 Na m\u00e9 cest\u011b mn\u011b v\u00fdznamn\u011b od za\u010d\u00e1tku podporovala Maitrea a Ton\u00edk Kol\u00e1\u010dek. Pr\u00e1v\u011b d\u00edky Ton\u00edkov\u011b velkorys\u00e9 pomoci jsem mohla p\u0159ed 13 lety vstoupit na tuto cestu a za\u010d\u00edt p\u0159in\u00e1\u0161et do porodnictv\u00ed nov\u00e9 p\u0159\u00edstupy a podpo\u0159it d\u011bn\u00ed kolem p\u0159\u00edchodu nov\u00e9ho \u017eivota na sv\u011bt jemn\u00fdm a vo\u0148av\u00fdm zp\u016fsobem.<\/em><\/strong><\/p>\n<p>&nbsp;<\/p>\n<p><img loading=\"lazy\" decoding=\"async\" class=\"wp-image-148 aligncenter\" src=\"http:\/\/www.zrozeni.com\/wp-content\/uploads\/2016\/10\/kolecko.png\" alt=\"kolecko\" width=\"66\" height=\"80\" \/><\/p>\n<\/div><div class=\"col-md-3\">\n<h1 style=\"text-align: center;\"><img loading=\"lazy\" decoding=\"async\" class=\"alignleft wp-image-45\" style=\"margin-top: 0px; margin-bottom: 0px;\" src=\"http:\/\/www.zrozeni.com\/wp-content\/uploads\/2016\/10\/logo-rgb-tesne-300x150.jpg\" alt=\"logo-rgb-tesne\" width=\"106\" height=\"50\" \/><\/h1>\n<p>&nbsp;<\/p>\n<p>&nbsp;<\/p>\n<p>&nbsp;<\/p>\n<p>&nbsp;<\/p>\n<p>&nbsp;<\/p>\n<p><a href=\"http:\/\/www.zrozeni.com\/index.php\/kontakt\/moje-vzdelani\/\"><strong>Moje vzd\u011bl\u00e1n\u00ed<\/strong><\/a><\/p>\n<p><span style=\"color: #c63a8e;\"><strong>Moje aktivity<\/strong><\/span><\/p>\n<p><a href=\"http:\/\/www.zrozeni.com\/index.php\/nezny-dotek-a-leciva-vune\/moje-seminare\/\" target=\"_blank\"><strong>Kde m\u011b m\u016f\u017eete potkat<\/strong><\/a><\/p>\n<p><a href=\"http:\/\/www.zrozeni.com\/index.php\/kontakt\/rozhovory-se-mnou\/\"><strong>Rozhovory se mnou<\/strong><\/a><\/p>\n<\/div><\/div>\n","protected":false},"excerpt":{"rendered":"","protected":false},"author":1,"featured_media":0,"parent":17,"menu_order":0,"comment_status":"closed","ping_status":"closed","template":"page-fullwidth.php","meta":{"footnotes":""},"class_list":["post-182","page","type-page","status-publish","hentry"],"_links":{"self":[{"href":"http:\/\/www.zrozeni.com\/index.php\/wp-json\/wp\/v2\/pages\/182","targetHints":{"allow":["GET"]}}],"collection":[{"href":"http:\/\/www.zrozeni.com\/index.php\/wp-json\/wp\/v2\/pages"}],"about":[{"href":"http:\/\/www.zrozeni.com\/index.php\/wp-json\/wp\/v2\/types\/page"}],"author":[{"embeddable":true,"href":"http:\/\/www.zrozeni.com\/index.php\/wp-json\/wp\/v2\/users\/1"}],"replies":[{"embeddable":true,"href":"http:\/\/www.zrozeni.com\/index.php\/wp-json\/wp\/v2\/comments?post=182"}],"version-history":[{"count":35,"href":"http:\/\/www.zrozeni.com\/index.php\/wp-json\/wp\/v2\/pages\/182\/revisions"}],"predecessor-version":[{"id":595,"href":"http:\/\/www.zrozeni.com\/index.php\/wp-json\/wp\/v2\/pages\/182\/revisions\/595"}],"up":[{"embeddable":true,"href":"http:\/\/www.zrozeni.com\/index.php\/wp-json\/wp\/v2\/pages\/17"}],"wp:attachment":[{"href":"http:\/\/www.zrozeni.com\/index.php\/wp-json\/wp\/v2\/media?parent=182"}],"curies":[{"name":"wp","href":"https:\/\/api.w.org\/{rel}","templated":true}]}}